{"id":2242,"date":"2021-04-27T10:08:52","date_gmt":"2021-04-27T15:08:52","guid":{"rendered":"https:\/\/ffh.unsa.edu.pe\/artes\/?page_id=2242"},"modified":"2021-04-27T10:31:14","modified_gmt":"2021-04-27T15:31:14","slug":"docentes-jesus-fernando-ismodes-riveros","status":"publish","type":"page","link":"https:\/\/ffh.unsa.edu.pe\/artes\/docentes-jesus-fernando-ismodes-riveros\/","title":{"rendered":"Jes\u00fas Fernando Ismodes Riveros"},"content":{"rendered":"<div class=\"cua-gra\"><img loading=\"lazy\" decoding=\"async\" class=\"hidden-xs aligncenter  wp-image-2238\" src=\"https:\/\/ffh.unsa.edu.pe\/artes\/wp-content\/uploads\/sites\/2\/2021\/04\/Fernado-Ismodes-WEB.jpg\" alt=\"\" width=\"259\" height=\"373\" \/><\/p>\n<p><strong>Jes\u00fas Fernando Ismodes Riveros.<\/strong><\/p>\n<p>Es Magister en Educaci\u00f3n Superior, con estudios de Doctorado en Ciencias Sociales, Licenciado en Artes en la Especialidad de M\u00fasica. Actualmente es docente ordinario en la Facultad de Filosof\u00eda y Humanidades de la Universidad Nacional de San Agust\u00edn de Arequipa, recibi\u00f3 clases de armon\u00eda y contrapunto con el maestro Enrique Iturriaga y de direcci\u00f3n coral con los maestros Danilo Grimoldi, Abraham Padilla y en Lima con Josep Prats, estudi\u00f3 canto con la maestra Elizabeth Ur\u00edzar, fue integrante del grupo oficial \u201cCantoria\u201d de la UNSA, solista de las obras \u201cEl Murci\u00e9lago\u201d, \u201cLa Traviata\u201d, \u201cRigoletto\u201d, \u201cElixir de Amor\u201d, \u201cCcala calz\u00f3n sin forro\u201d, \u201cEl Quijote\u201d, \u201cUna Noche en Broadway\u201d, \u201cTaki Onqoy\u201d, la \u201cNovena Sinfon\u00eda Coral\u201d, \u201cVenid Deidades\u201d, asistente coral de \u201cCarmina Burana\u201d, \u201cDido y Eneas\u201d y de \u201cLos miserables\u201d. Solista de la \u201cMisa Criolla\u201d de Chabuca Granda en Cuzco, La Paz y Arica, solista en la \u201cCapilla Virreynal de Arequipa\u201d del festival \u201cJohann Sebastian Bach\u201d, de la \u00f3pera \u201cVenid venid Deidades\u201d y el motet \u201cJordanis Incolae\u201d, finalista de la Canci\u00f3n Franc\u00f3fona en Lima y participante del Concurso Internacional Premio Ciudad de Trujillo, integrante de los grupos,\u201d Vocalis\u201d, del \u201cCoro de C\u00e1mara del INC\u201d, del \u201cEnsamble Barroco\u201d de Arequipa, solista y capo de cuerda del \u201cCoro Municipal\u201d, preparador vocal y de solistas del Coro de la Escuela de Artes. Fue director y solista del grupo Rimay Wayra Folck Fusi\u00f3n. El a\u00f1o 2020 fue premiado por participaci\u00f3n destacada en el Curso Formaci\u00f3n de Formadores dictado por LASPAU COLAB por la Direcci\u00f3n Universitaria de Desarrollo Docente de la UNSA.<\/p>\n<p><\/div>\n","protected":false},"excerpt":{"rendered":"","protected":false},"author":9,"featured_media":0,"parent":0,"menu_order":0,"comment_status":"closed","ping_status":"closed","template":"","meta":{"_acf_changed":false,"footnotes":""},"class_list":["post-2242","page","type-page","status-publish","hentry"],"acf":[],"_links":{"self":[{"href":"https:\/\/ffh.unsa.edu.pe\/artes\/wp-json\/wp\/v2\/pages\/2242","targetHints":{"allow":["GET"]}}],"collection":[{"href":"https:\/\/ffh.unsa.edu.pe\/artes\/wp-json\/wp\/v2\/pages"}],"about":[{"href":"https:\/\/ffh.unsa.edu.pe\/artes\/wp-json\/wp\/v2\/types\/page"}],"author":[{"embeddable":true,"href":"https:\/\/ffh.unsa.edu.pe\/artes\/wp-json\/wp\/v2\/users\/9"}],"replies":[{"embeddable":true,"href":"https:\/\/ffh.unsa.edu.pe\/artes\/wp-json\/wp\/v2\/comments?post=2242"}],"version-history":[{"count":9,"href":"https:\/\/ffh.unsa.edu.pe\/artes\/wp-json\/wp\/v2\/pages\/2242\/revisions"}],"predecessor-version":[{"id":2255,"href":"https:\/\/ffh.unsa.edu.pe\/artes\/wp-json\/wp\/v2\/pages\/2242\/revisions\/2255"}],"wp:attachment":[{"href":"https:\/\/ffh.unsa.edu.pe\/artes\/wp-json\/wp\/v2\/media?parent=2242"}],"curies":[{"name":"wp","href":"https:\/\/api.w.org\/{rel}","templated":true}]}}