{"id":2259,"date":"2021-04-28T09:41:54","date_gmt":"2021-04-28T14:41:54","guid":{"rendered":"https:\/\/ffh.unsa.edu.pe\/artes\/?page_id=2259"},"modified":"2021-04-28T09:48:32","modified_gmt":"2021-04-28T14:48:32","slug":"stephanie-elizabeth-arenas-perez","status":"publish","type":"page","link":"https:\/\/ffh.unsa.edu.pe\/artes\/stephanie-elizabeth-arenas-perez\/","title":{"rendered":"Stephanie Elizabeth Arenas Perez"},"content":{"rendered":"<div class=\"cua-gra\"><img loading=\"lazy\" decoding=\"async\" class=\"hidden-xs aligncenter wp-image-2260\" src=\"https:\/\/ffh.unsa.edu.pe\/artes\/wp-content\/uploads\/sites\/2\/2021\/04\/Arenas-Perez-scaled.jpg\" alt=\"\" width=\"381\" height=\"647\" srcset=\"https:\/\/ffh.unsa.edu.pe\/artes\/wp-content\/uploads\/sites\/2\/2021\/04\/Arenas-Perez-scaled.jpg 1507w, https:\/\/ffh.unsa.edu.pe\/artes\/wp-content\/uploads\/sites\/2\/2021\/04\/Arenas-Perez-768x1305.jpg 768w, https:\/\/ffh.unsa.edu.pe\/artes\/wp-content\/uploads\/sites\/2\/2021\/04\/Arenas-Perez-904x1536.jpg 904w, https:\/\/ffh.unsa.edu.pe\/artes\/wp-content\/uploads\/sites\/2\/2021\/04\/Arenas-Perez-1205x2048.jpg 1205w\" sizes=\"auto, (max-width: 381px) 100vw, 381px\" \/><strong>Stephanie Elizabeth Arenas Perez<\/strong><\/p>\n<p>Licenciada en Artes especialidad M\u00fasica y Maestra en M\u00fasica, ambos t\u00edtulos por la Universidad Nacional de San Agust\u00ednde Arequipa. Actualmente tiene a su cargo la C\u00e1tedra de viola y dicta el curso de Lenguaje Musical III.<\/div>\n","protected":false},"excerpt":{"rendered":"","protected":false},"author":9,"featured_media":0,"parent":0,"menu_order":0,"comment_status":"closed","ping_status":"closed","template":"","meta":{"_acf_changed":false,"footnotes":""},"class_list":["post-2259","page","type-page","status-publish","hentry"],"acf":[],"_links":{"self":[{"href":"https:\/\/ffh.unsa.edu.pe\/artes\/wp-json\/wp\/v2\/pages\/2259","targetHints":{"allow":["GET"]}}],"collection":[{"href":"https:\/\/ffh.unsa.edu.pe\/artes\/wp-json\/wp\/v2\/pages"}],"about":[{"href":"https:\/\/ffh.unsa.edu.pe\/artes\/wp-json\/wp\/v2\/types\/page"}],"author":[{"embeddable":true,"href":"https:\/\/ffh.unsa.edu.pe\/artes\/wp-json\/wp\/v2\/users\/9"}],"replies":[{"embeddable":true,"href":"https:\/\/ffh.unsa.edu.pe\/artes\/wp-json\/wp\/v2\/comments?post=2259"}],"version-history":[{"count":5,"href":"https:\/\/ffh.unsa.edu.pe\/artes\/wp-json\/wp\/v2\/pages\/2259\/revisions"}],"predecessor-version":[{"id":2267,"href":"https:\/\/ffh.unsa.edu.pe\/artes\/wp-json\/wp\/v2\/pages\/2259\/revisions\/2267"}],"wp:attachment":[{"href":"https:\/\/ffh.unsa.edu.pe\/artes\/wp-json\/wp\/v2\/media?parent=2259"}],"curies":[{"name":"wp","href":"https:\/\/api.w.org\/{rel}","templated":true}]}}