{"id":2331,"date":"2021-04-28T13:13:51","date_gmt":"2021-04-28T18:13:51","guid":{"rendered":"https:\/\/ffh.unsa.edu.pe\/artes\/?page_id=2331"},"modified":"2021-04-28T13:47:44","modified_gmt":"2021-04-28T18:47:44","slug":"daysi-evelyn-rojas-mamani","status":"publish","type":"page","link":"https:\/\/ffh.unsa.edu.pe\/artes\/daysi-evelyn-rojas-mamani\/","title":{"rendered":"Daysi Evelyn Rojas Mamani"},"content":{"rendered":"<div class=\"cua-gra\"><img loading=\"lazy\" decoding=\"async\" class=\"hidden-xs aligncenter wp-image-2332\" src=\"https:\/\/ffh.unsa.edu.pe\/artes\/wp-content\/uploads\/sites\/2\/2021\/04\/MI-FOTO.jpg\" alt=\"\" width=\"381\" height=\"381\" srcset=\"https:\/\/ffh.unsa.edu.pe\/artes\/wp-content\/uploads\/sites\/2\/2021\/04\/MI-FOTO.jpg 960w, https:\/\/ffh.unsa.edu.pe\/artes\/wp-content\/uploads\/sites\/2\/2021\/04\/MI-FOTO-768x768.jpg 768w\" sizes=\"auto, (max-width: 381px) 100vw, 381px\" \/><\/p>\n<p><strong>Daysi Evelyn Rojas Mamani<\/strong><\/p>\n<p>Licenciada En Artes \u2013 M\u00fasica y Magister en M\u00fasica, con conocimientos en ejecuci\u00f3n vocal, direcci\u00f3n y preparaci\u00f3n coral as\u00ed como ense\u00f1anza musical e instrumental.<\/p>\n<p>Desde muy peque\u00f1a presenta inclinaciones por el Canto. Realiz\u00f3 estudios de m\u00fasica en la Escuela de Artes de la Universidad Nacional de San Agust\u00edn, su formaci\u00f3n vocal estuvo a cargo de la maestra Mar\u00eda del Carmen Rodr\u00edguez Chirinos. Ha participado en diferentes cursos como interpretaci\u00f3n en el extranjero as\u00ed como clases Maestras\u00a0 de Canto con maestros como Pablo Mu\u00f1oz Barra (Argentina), Beatriz Costa (Argentina), Jordi Mora (Espa\u00f1a 2015 y 2018), Erica Dunkle (Estados Unidos), Maurizio Colacicche (Argentina 2018) as\u00ed tambi\u00e9n ha recibido asesoramiento de interpretaci\u00f3n Barroca por la maestra Alejandra Lopera Quintanilla. Actualmente ha culminado sus estudios de Maestr\u00eda en M\u00fasica de la misma instituci\u00f3n.<\/p>\n<p>Ha sido solista en distintas oportunidades: \u201cMisa Brevis\u201d N.140 \u201cpastoralmesse\u201d \u00a0 de\u00a0 Mozart (2009), \u00d3pera \u00a0 Dido\u00a0 &amp;\u00a0 Eneas \u00a0 de\u00a0 Henry\u00a0 Purcell (2009), \u201cGran Concierto de Navidad\u201d (2010), Recital de M\u00fasica Contempor\u00e1nea a cargo de los estudiantes de la Maestr\u00eda en M\u00fasica (2012), Concierto de M\u00fasica Barroca (2013). Particip\u00f3 como coreuta en la Cantata Esc\u00e9nica Carmina Burana de Orff;\u00a0 en la \u00d3pera\u00a0 Carmen de Bizet; en el coro de Madrigales y M\u00fasica Popular Italiana del Siglo XVI;\u00a0 \u201cConcierto\u00a0 Sinf\u00f3nico\u00a0 Coral\u201d, \u201cRock Sinf\u00f3nico\u201d Far beyond the sun, \u201cConcierto de Gala\u201d por el d\u00eda de la Medicina Peruana, \u201cGran Concierto a la Navidad\u201d en la Bas\u00edlica \u00a0 Catedral, \u201cConcierto Sinf\u00f3nico Coral\u201d\u00a0 Noche al\u00a0 S\u00e9ptimo Arte y en distintas Misas por aniversario de la Casa de Estudios.\u00a0 Particip\u00f3 en la puesta en escena\u00a0 \u00a0 de \u201cLos Miserables\u201d de V\u00edctor Hugo 1862, participando como solista y coreuta (2013 y 2015)<\/p>\n<p>As\u00ed mismo fue solista en el Concierto de clausura del curso de interpretaci\u00f3n musical en Buenos Aires, Argentina (2015) y el\u00a0 Concierto de Clausura del VIII Encuentro Internacional sobre Barroco \u201cMestizajes en di\u00e1logo\u201d interpretando \u201cBeatus Vir\u201d de Domenico Zipoli junto al destacado Coro de Peque\u00f1os Cantores San Rafael Arc\u00e1ngel de la Bas\u00edlica Catedral, bajo la direcci\u00f3n de la reconocida directora Pilar Lopera Quintanilla. Particip\u00f3 como coreuta en la<\/p>\n<p>Novena Sinfon\u00eda de Beethoven junto al Coro Nacional por el 75\u00ba Aniversario de la Orquesta Sinf\u00f3nica de Arequipa (2014). En noviembre del 2015 destac\u00f3 su participaci\u00f3n como solista en el \u201cConcierto a Mozart\u201d en la Universidad Cat\u00f3lica San Pablo. En Julio 2018 particip\u00f3 del concierto de Clausura del I Congreso Latinoamericano sobre Arte Lirico en Argentina- Buenos Aires.<\/p>\n<p>Su formaci\u00f3n art\u00edstica ha sido complementada con la participaci\u00f3n activa\u00a0 en M\u00fasica de C\u00e1mara y Solista al <i>\u201cXXIV Campus de M\u00fasica de C\u00e1mara, Solistas y Direcci\u00f3n\u201d<\/i> a cargo del Maestro Jordi Mora en febrero del 2015 en Argentina. As\u00ed como en el VIII Enecuentro Internacional Sobre Barroco: <i>\u201cMestizajes en Di\u00e1logo\u201d <\/i>en la UCSP. Tambi\u00e9n particip\u00f3 del Simposio Internacional: <i>\u201cBalance y Perspectivas de las Humanidades\u201d<\/i> en la UNSA. Particip\u00f3 de cursos talleres como: <i>\u201cDid\u00e1ctica Aplicada al \u00c1rea de Arte\u201d<\/i>, Curso Taller de la Asociaci\u00f3n Suzuki del Per\u00fa: <i>\u201cEducaci\u00f3n del Talento\u201d<\/i>. Curso Taller de la Asociaci\u00f3n Suzuki del Per\u00fa: <i>\u201cEstimulaci\u00f3n Temparana a Traves de la M\u00fasica y el Movimiento\u00bb. <\/i>Particip\u00f3 del Seminario Internacional: <i>\u201cProcesos Creativos en la Composici\u00f3n e Interpretaci\u00f3n de la M\u00fasica\u201d<\/i> en Conservatorio de M\u00fasica L.D. Lavalle. Este a\u00f1o particip\u00f3 activamente del curso taller de Direcci\u00f3n Musical a cargo del maestro Fernando Valc\u00e1rcel Pollard director de la Orquesta Sinf\u00f3nica Nacional del Per\u00fa.<\/p>\n<p><\/div>\n","protected":false},"excerpt":{"rendered":"","protected":false},"author":9,"featured_media":0,"parent":0,"menu_order":0,"comment_status":"closed","ping_status":"closed","template":"","meta":{"_acf_changed":false,"footnotes":""},"class_list":["post-2331","page","type-page","status-publish","hentry"],"acf":[],"_links":{"self":[{"href":"https:\/\/ffh.unsa.edu.pe\/artes\/wp-json\/wp\/v2\/pages\/2331","targetHints":{"allow":["GET"]}}],"collection":[{"href":"https:\/\/ffh.unsa.edu.pe\/artes\/wp-json\/wp\/v2\/pages"}],"about":[{"href":"https:\/\/ffh.unsa.edu.pe\/artes\/wp-json\/wp\/v2\/types\/page"}],"author":[{"embeddable":true,"href":"https:\/\/ffh.unsa.edu.pe\/artes\/wp-json\/wp\/v2\/users\/9"}],"replies":[{"embeddable":true,"href":"https:\/\/ffh.unsa.edu.pe\/artes\/wp-json\/wp\/v2\/comments?post=2331"}],"version-history":[{"count":4,"href":"https:\/\/ffh.unsa.edu.pe\/artes\/wp-json\/wp\/v2\/pages\/2331\/revisions"}],"predecessor-version":[{"id":2334,"href":"https:\/\/ffh.unsa.edu.pe\/artes\/wp-json\/wp\/v2\/pages\/2331\/revisions\/2334"}],"wp:attachment":[{"href":"https:\/\/ffh.unsa.edu.pe\/artes\/wp-json\/wp\/v2\/media?parent=2331"}],"curies":[{"name":"wp","href":"https:\/\/api.w.org\/{rel}","templated":true}]}}