{"id":2380,"date":"2021-04-29T12:45:35","date_gmt":"2021-04-29T17:45:35","guid":{"rendered":"https:\/\/ffh.unsa.edu.pe\/artes\/?page_id=2380"},"modified":"2021-04-29T12:47:28","modified_gmt":"2021-04-29T17:47:28","slug":"jose-andres-lara-quilla","status":"publish","type":"page","link":"https:\/\/ffh.unsa.edu.pe\/artes\/jose-andres-lara-quilla\/","title":{"rendered":"Jos\u00e9 Andr\u00e9s Lara Quilla"},"content":{"rendered":"<div class=\"cua-gra\"><img loading=\"lazy\" decoding=\"async\" class=\"hidden-xs aligncenter wp-image-2378\" src=\"https:\/\/ffh.unsa.edu.pe\/artes\/wp-content\/uploads\/sites\/2\/2021\/04\/Jose-Andres-Lara-Quilla-1.jpg\" alt=\"\" width=\"381\" height=\"502\" \/><strong>Jos\u00e9 Andr\u00e9s Lara Quilla<\/strong>.<\/p>\n<p>Con estudios en la Escuela de Artes \u2013 Pl\u00e1sticas, de la Universidad Nacional de San Agust\u00edn de Arequipa, Pintor y Grabador, con Premios Nacionales de Pintura y participaci\u00f3n en Bienales y Trienales Internacionales de Grabado. Actualmente dicta en la Escuela de Artes de la UNSA, las asignaturas de Grabado, Dibujo, Perspectiva y An\u00e1lisis Pl\u00e1stico.<\/div>\n","protected":false},"excerpt":{"rendered":"","protected":false},"author":9,"featured_media":0,"parent":0,"menu_order":0,"comment_status":"closed","ping_status":"closed","template":"","meta":{"_acf_changed":false,"footnotes":""},"class_list":["post-2380","page","type-page","status-publish","hentry"],"acf":[],"_links":{"self":[{"href":"https:\/\/ffh.unsa.edu.pe\/artes\/wp-json\/wp\/v2\/pages\/2380","targetHints":{"allow":["GET"]}}],"collection":[{"href":"https:\/\/ffh.unsa.edu.pe\/artes\/wp-json\/wp\/v2\/pages"}],"about":[{"href":"https:\/\/ffh.unsa.edu.pe\/artes\/wp-json\/wp\/v2\/types\/page"}],"author":[{"embeddable":true,"href":"https:\/\/ffh.unsa.edu.pe\/artes\/wp-json\/wp\/v2\/users\/9"}],"replies":[{"embeddable":true,"href":"https:\/\/ffh.unsa.edu.pe\/artes\/wp-json\/wp\/v2\/comments?post=2380"}],"version-history":[{"count":1,"href":"https:\/\/ffh.unsa.edu.pe\/artes\/wp-json\/wp\/v2\/pages\/2380\/revisions"}],"predecessor-version":[{"id":2381,"href":"https:\/\/ffh.unsa.edu.pe\/artes\/wp-json\/wp\/v2\/pages\/2380\/revisions\/2381"}],"wp:attachment":[{"href":"https:\/\/ffh.unsa.edu.pe\/artes\/wp-json\/wp\/v2\/media?parent=2380"}],"curies":[{"name":"wp","href":"https:\/\/api.w.org\/{rel}","templated":true}]}}