{"id":2473,"date":"2021-07-08T00:09:49","date_gmt":"2021-07-08T05:09:49","guid":{"rendered":"https:\/\/ffh.unsa.edu.pe\/artes\/?page_id=2473"},"modified":"2021-07-08T00:13:33","modified_gmt":"2021-07-08T05:13:33","slug":"marilia-esther-quispe-alvarez","status":"publish","type":"page","link":"https:\/\/ffh.unsa.edu.pe\/artes\/marilia-esther-quispe-alvarez\/","title":{"rendered":"Marilia Esther Quispe Alvarez"},"content":{"rendered":"<div class=\"cua-gra\"><img loading=\"lazy\" decoding=\"async\" class=\"hidden-xs aligncenter wp-image-2474\" src=\"https:\/\/ffh.unsa.edu.pe\/artes\/wp-content\/uploads\/sites\/2\/2021\/07\/Marilia-Quispe-1-scaled.jpg\" alt=\"\" width=\"381\" height=\"572\" srcset=\"https:\/\/ffh.unsa.edu.pe\/artes\/wp-content\/uploads\/sites\/2\/2021\/07\/Marilia-Quispe-1-scaled.jpg 1706w, https:\/\/ffh.unsa.edu.pe\/artes\/wp-content\/uploads\/sites\/2\/2021\/07\/Marilia-Quispe-1-768x1152.jpg 768w, https:\/\/ffh.unsa.edu.pe\/artes\/wp-content\/uploads\/sites\/2\/2021\/07\/Marilia-Quispe-1-1024x1536.jpg 1024w, https:\/\/ffh.unsa.edu.pe\/artes\/wp-content\/uploads\/sites\/2\/2021\/07\/Marilia-Quispe-1-1365x2048.jpg 1365w\" sizes=\"auto, (max-width: 381px) 100vw, 381px\" \/><\/p>\n<p>Marilia Esther Quispe Alvarez (Corno)<\/p>\n<p>Mag\u00edster en Ciencias: Educaci\u00f3n con menci\u00f3n en educaci\u00f3n superior, grado obtenido en la Universidad Nacional de San Agust\u00edn de Arequipa, con estudios de Maestr\u00eda en M\u00fasica, de Segunda especialidad en Psicolog\u00eda , tutor\u00eda y orientaci\u00f3n educativa, Bachiller en Educaci\u00f3n en la especialidad de Ciencias Sociales; Estudio la carrera de Artes \u2013M\u00fasica en la Escuela Profesional De Artes de la misma Universidad, obteniendo el t\u00edtulo de Licenciada en Artes \u2013 M\u00fasica en la especialidad de corno franc\u00e9s bajo la ense\u00f1anza del Mg. S\u00f3crates D\u00edaz Espinoza. En la actualidad cursa estudios de Doctorado en Educaci\u00f3n. Ha recibido clases magistrales del Ensamble Internacional de Bronces Archipielago Project (EE.UU. Alemania \u2013 Austria) Matias Pi\u00f1eira (Chile), Marie \u2013 Michele Bertrand (Canad\u00e1), Joel Arias (Venezuela) as\u00ed como de Sarah Willis (EE. UU). Actualmente es invitada en conciertos ofrecidos por la Orquesta Sinf\u00f3nica de Arequipa, integrante de la Orquesta Filarm\u00f3nica Juvenil de la Universidad San Pablo, participando en diversos conciertos y en las giras internacionales (Chile y Argentina), como capo de fila y solista, invitada en la Orquesta Sinf\u00f3nica de la Universidad Cat\u00f3lica de Santa Mar\u00eda, de la Orquesta Sinf\u00f3nica de la Universidad Nacional de San Agust\u00edn, de la Banda Sinf\u00f3nica de la UNSA, y del ensamble de metales de profesores de la Universidad Nacional de San Agust\u00edn Actualmente es docente de la c\u00e1tedra de corno franc\u00e9s en el programa musical Sinfon\u00eda por el Per\u00fa y docente en la Universidad Nacional de San Agust\u00edn.<\/p>\n<p><\/div>\n<p style=\"text-align: left\">\n","protected":false},"excerpt":{"rendered":"","protected":false},"author":9,"featured_media":0,"parent":0,"menu_order":0,"comment_status":"closed","ping_status":"closed","template":"","meta":{"_acf_changed":false,"footnotes":""},"class_list":["post-2473","page","type-page","status-publish","hentry"],"acf":[],"_links":{"self":[{"href":"https:\/\/ffh.unsa.edu.pe\/artes\/wp-json\/wp\/v2\/pages\/2473","targetHints":{"allow":["GET"]}}],"collection":[{"href":"https:\/\/ffh.unsa.edu.pe\/artes\/wp-json\/wp\/v2\/pages"}],"about":[{"href":"https:\/\/ffh.unsa.edu.pe\/artes\/wp-json\/wp\/v2\/types\/page"}],"author":[{"embeddable":true,"href":"https:\/\/ffh.unsa.edu.pe\/artes\/wp-json\/wp\/v2\/users\/9"}],"replies":[{"embeddable":true,"href":"https:\/\/ffh.unsa.edu.pe\/artes\/wp-json\/wp\/v2\/comments?post=2473"}],"version-history":[{"count":3,"href":"https:\/\/ffh.unsa.edu.pe\/artes\/wp-json\/wp\/v2\/pages\/2473\/revisions"}],"predecessor-version":[{"id":2481,"href":"https:\/\/ffh.unsa.edu.pe\/artes\/wp-json\/wp\/v2\/pages\/2473\/revisions\/2481"}],"wp:attachment":[{"href":"https:\/\/ffh.unsa.edu.pe\/artes\/wp-json\/wp\/v2\/media?parent=2473"}],"curies":[{"name":"wp","href":"https:\/\/api.w.org\/{rel}","templated":true}]}}