{"id":2484,"date":"2021-07-08T00:25:08","date_gmt":"2021-07-08T05:25:08","guid":{"rendered":"https:\/\/ffh.unsa.edu.pe\/artes\/?page_id=2484"},"modified":"2021-07-08T00:25:08","modified_gmt":"2021-07-08T05:25:08","slug":"gabriela-giovanna-mamani-quilcca","status":"publish","type":"page","link":"https:\/\/ffh.unsa.edu.pe\/artes\/gabriela-giovanna-mamani-quilcca\/","title":{"rendered":"Gabriela Giovanna Mamani Quilcca"},"content":{"rendered":"<div class=\"cua-gra\"><img loading=\"lazy\" decoding=\"async\" class=\"hidden-xs aligncenter wp-image-2485\" src=\"https:\/\/ffh.unsa.edu.pe\/artes\/wp-content\/uploads\/sites\/2\/2021\/07\/GABRIELA-GIOVANNA-MAMANI-QUILCCA.jpeg\" alt=\"\" width=\"381\" height=\"572\" srcset=\"https:\/\/ffh.unsa.edu.pe\/artes\/wp-content\/uploads\/sites\/2\/2021\/07\/GABRIELA-GIOVANNA-MAMANI-QUILCCA.jpeg 853w, https:\/\/ffh.unsa.edu.pe\/artes\/wp-content\/uploads\/sites\/2\/2021\/07\/GABRIELA-GIOVANNA-MAMANI-QUILCCA-768x1152.jpeg 768w\" sizes=\"auto, (max-width: 381px) 100vw, 381px\" \/><\/p>\n<p><strong>Gabriela Giovanna Mamani Quilcca.<\/strong><\/p>\n<p>Maestra en Artes y licenciada en Artes pl\u00e1sticas por la Universidad Nacional de San Agust\u00edn de Arequipa, tiene conocimiento y capacitaciones en Exposici\u00f3n, Dise\u00f1o y Montaje, Gesti\u00f3n Cultural, Historia del Arte, Educaci\u00f3n Art\u00edstica y en multimedia, ha realizado diversas exposiciones individuales y colectivas a nivel Local, Nacional e internacional. En el periodo acad\u00e9mico en curso dicta la signatura: Apreciaci\u00f3n y Expresi\u00f3n Art\u00edstica, Modelado, Perspectiva y Did\u00e1ctica de las Artes Visuales.<\/div>\n","protected":false},"excerpt":{"rendered":"","protected":false},"author":9,"featured_media":0,"parent":0,"menu_order":0,"comment_status":"closed","ping_status":"closed","template":"","meta":{"_acf_changed":false,"footnotes":""},"class_list":["post-2484","page","type-page","status-publish","hentry"],"acf":[],"_links":{"self":[{"href":"https:\/\/ffh.unsa.edu.pe\/artes\/wp-json\/wp\/v2\/pages\/2484","targetHints":{"allow":["GET"]}}],"collection":[{"href":"https:\/\/ffh.unsa.edu.pe\/artes\/wp-json\/wp\/v2\/pages"}],"about":[{"href":"https:\/\/ffh.unsa.edu.pe\/artes\/wp-json\/wp\/v2\/types\/page"}],"author":[{"embeddable":true,"href":"https:\/\/ffh.unsa.edu.pe\/artes\/wp-json\/wp\/v2\/users\/9"}],"replies":[{"embeddable":true,"href":"https:\/\/ffh.unsa.edu.pe\/artes\/wp-json\/wp\/v2\/comments?post=2484"}],"version-history":[{"count":1,"href":"https:\/\/ffh.unsa.edu.pe\/artes\/wp-json\/wp\/v2\/pages\/2484\/revisions"}],"predecessor-version":[{"id":2486,"href":"https:\/\/ffh.unsa.edu.pe\/artes\/wp-json\/wp\/v2\/pages\/2484\/revisions\/2486"}],"wp:attachment":[{"href":"https:\/\/ffh.unsa.edu.pe\/artes\/wp-json\/wp\/v2\/media?parent=2484"}],"curies":[{"name":"wp","href":"https:\/\/api.w.org\/{rel}","templated":true}]}}