{"id":3016,"date":"2021-11-11T23:58:12","date_gmt":"2021-11-12T04:58:12","guid":{"rendered":"https:\/\/ffh.unsa.edu.pe\/artes\/?page_id=3016"},"modified":"2021-11-26T11:37:32","modified_gmt":"2021-11-26T16:37:32","slug":"mg-olivia-cecilia-jaen-aspilcueta","status":"publish","type":"page","link":"https:\/\/ffh.unsa.edu.pe\/artes\/mg-olivia-cecilia-jaen-aspilcueta\/","title":{"rendered":"Mg. Olivia Cecilia Ja\u00e9n Azpilcueta"},"content":{"rendered":"<p>Detecci\u00f3n del nivel de riesgo de consumo de sustancias psicoactivas en estudiantes universitarios de psicolog\u00eda &#8211; Per\u00fa.<\/p>\n<p><span id=\"page2239R_mcid1\" class=\"markedContent\"><span dir=\"ltr\" role=\"presentation\"><span id=\"page2239R_mcid4\" class=\"markedContent\">Summa Psicol\u00f3gica UST\u00a0 <\/span><span id=\"page2239R_mcid5\" class=\"markedContent\">2020, Vol. 17, N\u00ba1, 11 &#8211; 19<\/span><\/span><\/span><\/p>\n<h6><a href=\"https:\/\/pesquisa.bvsalud.org\/portal\/resource\/fr\/biblio-1129383\">LINK DE LA PUBLICACI\u00d3N<\/a><\/h6>\n<hr \/>\n<p>H\u00e1bitos de estudio en estudiantes universitarios de primer a\u00f1o. (en coautor\u00eda con Mar\u00eda del Carmen C\u00e1rdenas Z\u00fa\u00f1iga). 2018<\/p>\n<p>Summa psicol\u00f3gica UST vol 15, N\u00b0 1 2018 (Latindex).<\/p>\n<h6><a href=\"https:\/\/summapsicologica.cl\/index.php\/summa\/article\/view\/376\" target=\"_blank\" rel=\"noopener\">LINK DE LA PUBLICACI\u00d3N<\/a><\/h6>\n<hr \/>\n<p>&nbsp;<\/p>\n","protected":false},"excerpt":{"rendered":"<p>Detecci\u00f3n del nivel de riesgo de consumo de sustancias psicoactivas en estudiantes universitarios de psicolog\u00eda &#8211; Per\u00fa. Summa Psicol\u00f3gica UST\u00a0 2020, Vol. 17, N\u00ba1, 11 &#8211; 19 LINK DE LA PUBLICACI\u00d3N H\u00e1bitos de estudio en estudiantes universitarios de primer a\u00f1o. (en coautor\u00eda con Mar\u00eda del Carmen C\u00e1rdenas Z\u00fa\u00f1iga). 2018 Summa psicol\u00f3gica UST vol 15, N\u00b0 [&hellip;]<\/p>\n","protected":false},"author":9,"featured_media":0,"parent":0,"menu_order":0,"comment_status":"closed","ping_status":"closed","template":"","meta":{"_acf_changed":false,"footnotes":""},"class_list":["post-3016","page","type-page","status-publish","hentry"],"acf":[],"_links":{"self":[{"href":"https:\/\/ffh.unsa.edu.pe\/artes\/wp-json\/wp\/v2\/pages\/3016","targetHints":{"allow":["GET"]}}],"collection":[{"href":"https:\/\/ffh.unsa.edu.pe\/artes\/wp-json\/wp\/v2\/pages"}],"about":[{"href":"https:\/\/ffh.unsa.edu.pe\/artes\/wp-json\/wp\/v2\/types\/page"}],"author":[{"embeddable":true,"href":"https:\/\/ffh.unsa.edu.pe\/artes\/wp-json\/wp\/v2\/users\/9"}],"replies":[{"embeddable":true,"href":"https:\/\/ffh.unsa.edu.pe\/artes\/wp-json\/wp\/v2\/comments?post=3016"}],"version-history":[{"count":5,"href":"https:\/\/ffh.unsa.edu.pe\/artes\/wp-json\/wp\/v2\/pages\/3016\/revisions"}],"predecessor-version":[{"id":3149,"href":"https:\/\/ffh.unsa.edu.pe\/artes\/wp-json\/wp\/v2\/pages\/3016\/revisions\/3149"}],"wp:attachment":[{"href":"https:\/\/ffh.unsa.edu.pe\/artes\/wp-json\/wp\/v2\/media?parent=3016"}],"curies":[{"name":"wp","href":"https:\/\/api.w.org\/{rel}","templated":true}]}}