{"id":3803,"date":"2024-06-08T09:18:45","date_gmt":"2024-06-08T14:18:45","guid":{"rendered":"https:\/\/ffh.unsa.edu.pe\/artes\/?page_id=3803"},"modified":"2024-06-08T09:18:45","modified_gmt":"2024-06-08T14:18:45","slug":"resumen-vizcarra-zarate-maria-luisa","status":"publish","type":"page","link":"https:\/\/ffh.unsa.edu.pe\/artes\/resumen-vizcarra-zarate-maria-luisa\/","title":{"rendered":"Resumen Vizcarra Z\u00e1rate, Mar\u00eda Luisa"},"content":{"rendered":"<p><b>III COLOQUIO DE ESTUDIANTES DE INVESTIGACI\u00d3N MUSICAL \u2013 2023<\/b><\/p>\n<p><strong><span class=\"s1\">Vizcarra Z\u00e1rate, <\/span><span class=\"s1\">Mar\u00eda Luisa<\/span><\/strong><\/p>\n<p><span class=\"s1\">\u00abActividad esc\u00e9nico l\u00edrica, desarrollo y producci\u00f3n de la Escuela Profesional de Artes de la UNSA desde 1986 al 2022\u00bb\u00a0<\/span><\/p>\n<p class=\"p1\"><span class=\"s1\"><b>Resumen<\/b><\/span><\/p>\n<p class=\"p3\"><span class=\"s1\">Existe una fuerte relaci\u00f3n entre el arte esc\u00e9nico y la gesti\u00f3n cultural, una necesita a la otra para poder realizarse, siendo objetivamente la funci\u00f3n de un gestor cultural llevar a cabo la actividad a realizar tal como dice Guillermo Heras, la funci\u00f3n de un gestor es poder equilibrar su lado art\u00edstico y su lado administrativo para cumplir su trabajo (Heras, 2012). Por otro lado, el director art\u00edstico en la actividad l\u00edrica tiene la funci\u00f3n de realizar una producci\u00f3n creativa que sea capaz de transmitir al p\u00fablico, Pablo Cumpen presenta ese concepto y la importancia de adaptarlo a un a un contexto cercano al espectador (Cumpen, 2020), pero tambi\u00e9n es importante poder ver cu\u00e1l ha sido el nivel de producci\u00f3n de un lugar y notar que es lo que el p\u00fablico consume m\u00e1s, Gerardo Sandoval aplica estos conceptos en una investigaci\u00f3n en Centro Am\u00e9rica en el siglo XX (Sandoval, 2009).<\/span><\/p>\n<p class=\"p1\"><span class=\"s1\">Para profundizar en cu\u00e1les son los factores que ayudan a la realizaci\u00f3n de una producci\u00f3n esc\u00e9nica Lluis Bonet profundiza sobre qu\u00e9 medios son necesarios para entrar en la parte de gesti\u00f3n de una producci\u00f3n (Bonet, ) y Ra\u00fal S. Alg\u00e1n, tambi\u00e9n redacta cuales son los pasos de una producci\u00f3n dirigida en las artes esc\u00e9nicas (Alg\u00e1n &amp; S. Berstein, 2020).<\/span><\/p>\n<p class=\"p3\"><span class=\"s1\">El siguiente trabajo toma los conceptos ya mencionados y utiliza investigaciones anteriores como teor\u00eda para dar respuesta a la problem\u00e1tica de esta investigaci\u00f3n, la cu\u00e1l es la falta de conocimiento del desarrollo de la actividad esc\u00e9nico l\u00edrica de la Escuela profesional de artes de la UNSA. En adici\u00f3n, este trabajo de investigaci\u00f3n quiere responder sobre cu\u00e1les han sido los factores que han contribuido al desarrollo de la actividad esc\u00e9nico l\u00edrica de la EPA, cu\u00e1l ha sido su desarrollo, el impacto y la cr\u00edtica entre estudiantes y p\u00fablico en general.<\/span><\/p>\n<p class=\"p1\"><span class=\"s1\"><i>Palabras clave<\/i>: gesti\u00f3n cultural, producci\u00f3n esc\u00e9nica, coro, \u00f3pera, direcci\u00f3n art\u00edstica.<\/span><\/p>\n","protected":false},"excerpt":{"rendered":"<p>III COLOQUIO DE ESTUDIANTES DE INVESTIGACI\u00d3N MUSICAL \u2013 2023 Vizcarra Z\u00e1rate, Mar\u00eda Luisa \u00abActividad esc\u00e9nico l\u00edrica, desarrollo y producci\u00f3n de la Escuela Profesional de Artes de la UNSA desde 1986 al 2022\u00bb\u00a0 Resumen Existe una fuerte relaci\u00f3n entre el arte esc\u00e9nico y la gesti\u00f3n cultural, una necesita a la otra para poder realizarse, siendo objetivamente [&hellip;]<\/p>\n","protected":false},"author":9,"featured_media":0,"parent":0,"menu_order":0,"comment_status":"closed","ping_status":"closed","template":"","meta":{"_acf_changed":false,"footnotes":""},"class_list":["post-3803","page","type-page","status-publish","hentry"],"acf":[],"_links":{"self":[{"href":"https:\/\/ffh.unsa.edu.pe\/artes\/wp-json\/wp\/v2\/pages\/3803","targetHints":{"allow":["GET"]}}],"collection":[{"href":"https:\/\/ffh.unsa.edu.pe\/artes\/wp-json\/wp\/v2\/pages"}],"about":[{"href":"https:\/\/ffh.unsa.edu.pe\/artes\/wp-json\/wp\/v2\/types\/page"}],"author":[{"embeddable":true,"href":"https:\/\/ffh.unsa.edu.pe\/artes\/wp-json\/wp\/v2\/users\/9"}],"replies":[{"embeddable":true,"href":"https:\/\/ffh.unsa.edu.pe\/artes\/wp-json\/wp\/v2\/comments?post=3803"}],"version-history":[{"count":1,"href":"https:\/\/ffh.unsa.edu.pe\/artes\/wp-json\/wp\/v2\/pages\/3803\/revisions"}],"predecessor-version":[{"id":3804,"href":"https:\/\/ffh.unsa.edu.pe\/artes\/wp-json\/wp\/v2\/pages\/3803\/revisions\/3804"}],"wp:attachment":[{"href":"https:\/\/ffh.unsa.edu.pe\/artes\/wp-json\/wp\/v2\/media?parent=3803"}],"curies":[{"name":"wp","href":"https:\/\/api.w.org\/{rel}","templated":true}]}}