{"id":3894,"date":"2024-06-24T11:56:08","date_gmt":"2024-06-24T16:56:08","guid":{"rendered":"https:\/\/ffh.unsa.edu.pe\/artes\/?page_id=3894"},"modified":"2024-06-24T11:56:08","modified_gmt":"2024-06-24T16:56:08","slug":"resumen-trujillo-capquequi-juan-fredy","status":"publish","type":"page","link":"https:\/\/ffh.unsa.edu.pe\/artes\/resumen-trujillo-capquequi-juan-fredy\/","title":{"rendered":"RESUMEN Trujillo Capquequi, Juan Fredy"},"content":{"rendered":"<p><b>III COLOQUIO DE ESTUDIANTES DE INVESTIGACI\u00d3N MUSICAL \u2013 2023<\/b><\/p>\n<p><span class=\"s1\">\u00abEstrategias y m\u00e9todos para el desarrollo t\u00e9cnico \u2013 interpretativo empleado por los m\u00fasicos trompetistas de m\u00fasica popular de las agrupaciones musicales m\u00e1s renombradas de la ciudad de Arequipa en el a\u00f1o 2022\u00bb. (Trujillo Capquequi, Juan Fredy)<\/span><\/p>\n<p><strong>Resumen<\/strong><\/p>\n<p class=\"p1\"><span class=\"s1\">El estudio de las estrategias de aprendizaje y el uso de los m\u00e9todos son los procesos que los estudiantes emplean para una mejor organizaci\u00f3n, as\u00ed obtener una formaci\u00f3n m\u00e1s efectiva.<\/span><\/p>\n<p class=\"p1\"><span class=\"s1\">Esta investigaci\u00f3n tiene como objetivo reconocer las estrategias y m\u00e9todos que influyen en el desarrollo interpretativo de m\u00fasicos trompetistas en la m\u00fasica popular de las diferentes agrupaciones m\u00e1s renombradas de la ciudad de Arequipa. El trabajo tiene relevancia social y valor te\u00f3rico por proporcionar informaci\u00f3n del desarrollo t\u00e9cnico-instrumental.<\/span><\/p>\n<p class=\"p1\"><span class=\"s1\">En el presente trabajo se emplea una serie de procedimientos que permiten analizar el estudio instrumental de los trompetistas en la interpretaci\u00f3n de la m\u00fasica popular, el cual permite identificar las diversas estrategias y metodolog\u00edas que son utilizados con frecuencia. As\u00ed mismo se ha explorado algunas fuentes, como el art\u00edculo de Llor\u00e9ns, J. A. (1987).<\/span><\/p>\n<p class=\"p1\"><span class=\"s1\">Tambi\u00e9n la ense\u00f1anza de la m\u00fasica regional coste\u00f1a en Lima, donde se estudia la mejor manera de ense\u00f1ar el folklore, en la tesis de Sialer Tirado, B. M. (1972). El prop\u00f3sito de este trabajo es conseguir que los trompetistas interpreten la m\u00fasica popular con estrategias, t\u00e9cnicas y estudios. La aplicaci\u00f3n de esta propuesta est\u00e1 fundamentada en el estudio de las t\u00e9cnicas de respiraci\u00f3n, flexibilidad, agilidad de dedos, a la vez los libros o m\u00e9todos de estudio que se menciona permite obtener una mejor articulaci\u00f3n y ejecuci\u00f3n en la trompeta, de esa manera obtener una correcta interpretaci\u00f3n en la m\u00fasica popular.<\/span><\/p>\n<p class=\"p1\"><span class=\"s1\">La metodolog\u00eda que se utiliza para obtener los datos correspondientes es de tipo puro, nivel de investigaci\u00f3n, descriptivo. Cabe mencionar que para el presente estudio la dimensi\u00f3n espacial es la ciudad de Arequipa. Se espera que con el an\u00e1lisis de los datos recogidos se obtengan resultados sobre las estrategias y m\u00e9todos que son utilizados por los trompetistas en la m\u00fasica popular, y de comprobar la hip\u00f3tesis se podr\u00eda concluir que existe un efecto positivo.<\/span><\/p>\n<p class=\"p2\"><span class=\"s1\"><i>Palabras claves<\/i>: estrategias, m\u00e9todos, m\u00fasica popular, t\u00e9cnicas, interpretaci\u00f3n musical.<\/span><\/p>\n","protected":false},"excerpt":{"rendered":"<p>III COLOQUIO DE ESTUDIANTES DE INVESTIGACI\u00d3N MUSICAL \u2013 2023 \u00abEstrategias y m\u00e9todos para el desarrollo t\u00e9cnico \u2013 interpretativo empleado por los m\u00fasicos trompetistas de m\u00fasica popular de las agrupaciones musicales m\u00e1s renombradas de la ciudad de Arequipa en el a\u00f1o 2022\u00bb. (Trujillo Capquequi, Juan Fredy) Resumen El estudio de las estrategias de aprendizaje y el [&hellip;]<\/p>\n","protected":false},"author":9,"featured_media":0,"parent":0,"menu_order":0,"comment_status":"closed","ping_status":"closed","template":"","meta":{"_acf_changed":false,"footnotes":""},"class_list":["post-3894","page","type-page","status-publish","hentry"],"acf":[],"_links":{"self":[{"href":"https:\/\/ffh.unsa.edu.pe\/artes\/wp-json\/wp\/v2\/pages\/3894","targetHints":{"allow":["GET"]}}],"collection":[{"href":"https:\/\/ffh.unsa.edu.pe\/artes\/wp-json\/wp\/v2\/pages"}],"about":[{"href":"https:\/\/ffh.unsa.edu.pe\/artes\/wp-json\/wp\/v2\/types\/page"}],"author":[{"embeddable":true,"href":"https:\/\/ffh.unsa.edu.pe\/artes\/wp-json\/wp\/v2\/users\/9"}],"replies":[{"embeddable":true,"href":"https:\/\/ffh.unsa.edu.pe\/artes\/wp-json\/wp\/v2\/comments?post=3894"}],"version-history":[{"count":2,"href":"https:\/\/ffh.unsa.edu.pe\/artes\/wp-json\/wp\/v2\/pages\/3894\/revisions"}],"predecessor-version":[{"id":3896,"href":"https:\/\/ffh.unsa.edu.pe\/artes\/wp-json\/wp\/v2\/pages\/3894\/revisions\/3896"}],"wp:attachment":[{"href":"https:\/\/ffh.unsa.edu.pe\/artes\/wp-json\/wp\/v2\/media?parent=3894"}],"curies":[{"name":"wp","href":"https:\/\/api.w.org\/{rel}","templated":true}]}}