{"id":3907,"date":"2024-07-01T10:21:57","date_gmt":"2024-07-01T15:21:57","guid":{"rendered":"https:\/\/ffh.unsa.edu.pe\/artes\/?page_id=3907"},"modified":"2024-07-01T10:21:57","modified_gmt":"2024-07-01T15:21:57","slug":"resumen-chambi-puma-david-antony","status":"publish","type":"page","link":"https:\/\/ffh.unsa.edu.pe\/artes\/resumen-chambi-puma-david-antony\/","title":{"rendered":"RESUMEN Chambi Puma, David Antony"},"content":{"rendered":"<p class=\"p1\"><span class=\"s1\"><b>III COLOQUIO DE ESTUDIANTES DE INVESTIGACI\u00d3N MUSICAL \u2013 2023<\/b><\/span><\/p>\n<p class=\"p1\"><span class=\"s1\">\u00abT\u00e9cnicas extendidas de la guitarra utilizadas en la c\u00e1tedra de Guitarra en la Universidad Nacional de San Agust\u00edn de Arequipa 2023\u00bb. (Chambi Puma, David Antony)<\/span><\/p>\n<p><strong>Resumen<\/strong><\/p>\n<p class=\"p1\"><span class=\"s1\">El guitarrista contempor\u00e1neo est\u00e1 en la permanente b\u00fasqueda de la perfecci\u00f3n e innovaci\u00f3n t\u00e9cnica en su instrumento. Este es un proceso extenso lleno de altibajos, fracasos y satisfacciones que toma muchos a\u00f1os. (Alarc\u00f3n V\u00e9lez, 2011)<\/span><\/p>\n<p class=\"p2\"><span class=\"s1\">\u00bfQu\u00e9 sucede si se percute el cuerpo de una guitarra? \u00bfQu\u00e9 sucede si se baja la tensi\u00f3n de las cuerdas? Estas son preguntas a las que muchos m\u00fasicos innovadores han intentado dar respuesta a lo largo de la historia. Este proyecto es un ejemplo de esa b\u00fasqueda en la que se pretende mostrar algunas de las posibilidades sonoras menos difundidas de la guitarra a un p\u00fablico. A todo esto, se agrega la importancia de alcanzar un sonido propio que se desarrolla a lo largo del proceso personal de formaci\u00f3n como instrumentista.<\/span><\/p>\n<p class=\"p2\"><span class=\"s1\">Por ende, el presente proyecto de tesis busca dar a conocer de manera precisa recursos poco usados que ofrece la guitarra tradicional y sus distintas afinaciones en distintos tipos de g\u00e9neros musicales. Con el fin de aportar conocimiento a estudiantes interesados en el tema.<\/span><\/p>\n<p class=\"p1\"><span class=\"s1\">Estos recursos en la guitarra nos abren las puertas a un mundo lleno de nuevos colores que pueden enriquecer nuestra interpretaci\u00f3n, y por supuesto, nuestro lenguaje musical.<\/span><\/p>\n<p class=\"p1\"><span class=\"s1\">B\u00e1sicamente, las t\u00e9cnicas extendidas consisten en interpretar un instrumento de forma no convencional, buscando fuera de los par\u00e1metros de ejecuci\u00f3n tradicional. Recordemos que estos recursos no fueron creados de la noche a la ma\u00f1ana, sino que hubo un proceso extenso, donde los guitarristas experimentaron tipos de ejecuci\u00f3n en la guitarra para luego plasmar sus ideas en partituras dejando nuevas extensiones desconocidas.<\/span><\/p>\n<p class=\"p2\"><span class=\"s1\"><i>Palabras clave:<\/i> Guitarra; Afinaci\u00f3n; M\u00fasica; An\u00e1lisis musical; Investigaci\u00f3n.<\/span><\/p>\n","protected":false},"excerpt":{"rendered":"<p>III COLOQUIO DE ESTUDIANTES DE INVESTIGACI\u00d3N MUSICAL \u2013 2023 \u00abT\u00e9cnicas extendidas de la guitarra utilizadas en la c\u00e1tedra de Guitarra en la Universidad Nacional de San Agust\u00edn de Arequipa 2023\u00bb. (Chambi Puma, David Antony) Resumen El guitarrista contempor\u00e1neo est\u00e1 en la permanente b\u00fasqueda de la perfecci\u00f3n e innovaci\u00f3n t\u00e9cnica en su instrumento. Este es un [&hellip;]<\/p>\n","protected":false},"author":9,"featured_media":0,"parent":0,"menu_order":0,"comment_status":"closed","ping_status":"closed","template":"","meta":{"_acf_changed":false,"footnotes":""},"class_list":["post-3907","page","type-page","status-publish","hentry"],"acf":[],"_links":{"self":[{"href":"https:\/\/ffh.unsa.edu.pe\/artes\/wp-json\/wp\/v2\/pages\/3907","targetHints":{"allow":["GET"]}}],"collection":[{"href":"https:\/\/ffh.unsa.edu.pe\/artes\/wp-json\/wp\/v2\/pages"}],"about":[{"href":"https:\/\/ffh.unsa.edu.pe\/artes\/wp-json\/wp\/v2\/types\/page"}],"author":[{"embeddable":true,"href":"https:\/\/ffh.unsa.edu.pe\/artes\/wp-json\/wp\/v2\/users\/9"}],"replies":[{"embeddable":true,"href":"https:\/\/ffh.unsa.edu.pe\/artes\/wp-json\/wp\/v2\/comments?post=3907"}],"version-history":[{"count":2,"href":"https:\/\/ffh.unsa.edu.pe\/artes\/wp-json\/wp\/v2\/pages\/3907\/revisions"}],"predecessor-version":[{"id":3909,"href":"https:\/\/ffh.unsa.edu.pe\/artes\/wp-json\/wp\/v2\/pages\/3907\/revisions\/3909"}],"wp:attachment":[{"href":"https:\/\/ffh.unsa.edu.pe\/artes\/wp-json\/wp\/v2\/media?parent=3907"}],"curies":[{"name":"wp","href":"https:\/\/api.w.org\/{rel}","templated":true}]}}