{"id":3913,"date":"2024-07-01T10:26:52","date_gmt":"2024-07-01T15:26:52","guid":{"rendered":"https:\/\/ffh.unsa.edu.pe\/artes\/?page_id=3913"},"modified":"2024-07-01T10:26:52","modified_gmt":"2024-07-01T15:26:52","slug":"resumen-atamari-ticona-harolk-josue","status":"publish","type":"page","link":"https:\/\/ffh.unsa.edu.pe\/artes\/resumen-atamari-ticona-harolk-josue\/","title":{"rendered":"RESUMEN Atamari Ticona, Harolk Josue"},"content":{"rendered":"<p class=\"p1\"><span class=\"s1\"><b>III COLOQUIO DE ESTUDIANTES DE INVESTIGACI\u00d3N MUSICAL \u2013 2023<\/b><\/span><\/p>\n<p class=\"p1\"><span class=\"s1\"><b>\u00ab<\/b>Beneficios de la m\u00fasica G\u00f3spel en los percusionistas de la Universidad Nacional De San Agust\u00edn\u00bb. (Atamari Ticona, Harolk Josue)<\/span><\/p>\n<p><strong>Resumen<\/strong><\/p>\n<p class=\"p1\"><span class=\"s1\">La m\u00fasica G\u00f3spel es muy extensa en su historia<span class=\"Apple-converted-space\">\u00a0 <\/span>Martin D. Constan nos da muchos detalles de c\u00f3mo se origin\u00f3 la m\u00fasica g\u00f3spel, y Maria E. Rincon (Martin, 2001), el cual nos menciona como fue evolucionando el g\u00f3spel a medida que pasaba el tiempo, llegando a ser lo que hoy en d\u00eda se escucha en las iglesias norteamericanas, presentando una musicalidad incre\u00edble y un grado de complejidad al momento de tocar, tal es el caso de la bater\u00eda donde se utiliza un recurso muy importante que es muy caracter\u00edstico de g\u00e9nero mismo, hablo de los Fraseos Lineales o mas conocidos por los bateristas como Gospel Chops, este recurso es tan importante que puede ser utilizado en otros g\u00e9neros como el rock, el jazz, el Shuffle, pop, etc.<\/span><\/p>\n<p class=\"p1\"><span class=\"s1\">Este proyecto nace a ra\u00edz de poder conocer el conocimiento de los gospel chops que tienen los percusionistas de la UNSA, ya que es un recurso muy utilizado en la m\u00fasica gospel que puede ser utilizado en distintos g\u00e9neros musicales como, el rock, jazz, cumbia, etc. Es por ello que abordamos fundamentos te\u00f3ricos, historia del G\u00f3spel, la t\u00e9cnica que se utiliza en el G\u00f3spel por los bateristas, el Groove que caracteriza al g\u00e9nero, etc.<span class=\"Apple-converted-space\">\u00a0 <\/span>Luis C. Sanchez es quien explica c\u00f3mo es que se aplica la t\u00e9cnica y porqu\u00e9 es tan importante que se desarrolle la t\u00e9cnica, d\u00e1ndo un an\u00e1lisis de los fraseos que se utilizan en la bater\u00eda (Luis, 2021). Brandon Prigg (Prigg, 2021) en su tesis explica c\u00f3mo fueron evolucionando los gospel chops, siendo aplicados ya no solo en el g\u00f3spel sino tambi\u00e9n en g\u00e9neros no religiosos.<\/span><\/p>\n<p class=\"p1\"><span class=\"s1\">Por lo tanto, este proyecto propone ser una gu\u00eda para que los percusionistas puedan conocer la importancia de conocer las t\u00e9cnicas que se utilizan en el G\u00f3spel.<\/span><\/p>\n<p class=\"p3\"><span class=\"s1\"><i>Palabras Clave:<\/i> Gospel, gospel chops, fraseo, bater\u00eda, religi\u00f3n.<\/span><\/p>\n","protected":false},"excerpt":{"rendered":"<p>III COLOQUIO DE ESTUDIANTES DE INVESTIGACI\u00d3N MUSICAL \u2013 2023 \u00abBeneficios de la m\u00fasica G\u00f3spel en los percusionistas de la Universidad Nacional De San Agust\u00edn\u00bb. (Atamari Ticona, Harolk Josue) Resumen La m\u00fasica G\u00f3spel es muy extensa en su historia\u00a0 Martin D. Constan nos da muchos detalles de c\u00f3mo se origin\u00f3 la m\u00fasica g\u00f3spel, y Maria E. [&hellip;]<\/p>\n","protected":false},"author":9,"featured_media":0,"parent":0,"menu_order":0,"comment_status":"closed","ping_status":"closed","template":"","meta":{"_acf_changed":false,"footnotes":""},"class_list":["post-3913","page","type-page","status-publish","hentry"],"acf":[],"_links":{"self":[{"href":"https:\/\/ffh.unsa.edu.pe\/artes\/wp-json\/wp\/v2\/pages\/3913","targetHints":{"allow":["GET"]}}],"collection":[{"href":"https:\/\/ffh.unsa.edu.pe\/artes\/wp-json\/wp\/v2\/pages"}],"about":[{"href":"https:\/\/ffh.unsa.edu.pe\/artes\/wp-json\/wp\/v2\/types\/page"}],"author":[{"embeddable":true,"href":"https:\/\/ffh.unsa.edu.pe\/artes\/wp-json\/wp\/v2\/users\/9"}],"replies":[{"embeddable":true,"href":"https:\/\/ffh.unsa.edu.pe\/artes\/wp-json\/wp\/v2\/comments?post=3913"}],"version-history":[{"count":2,"href":"https:\/\/ffh.unsa.edu.pe\/artes\/wp-json\/wp\/v2\/pages\/3913\/revisions"}],"predecessor-version":[{"id":3915,"href":"https:\/\/ffh.unsa.edu.pe\/artes\/wp-json\/wp\/v2\/pages\/3913\/revisions\/3915"}],"wp:attachment":[{"href":"https:\/\/ffh.unsa.edu.pe\/artes\/wp-json\/wp\/v2\/media?parent=3913"}],"curies":[{"name":"wp","href":"https:\/\/api.w.org\/{rel}","templated":true}]}}