{"id":4459,"date":"2025-09-04T12:18:13","date_gmt":"2025-09-04T17:18:13","guid":{"rendered":"https:\/\/ffh.unsa.edu.pe\/artes\/?page_id=4459"},"modified":"2025-09-04T12:18:13","modified_gmt":"2025-09-04T17:18:13","slug":"perfil-del-ingresante-musica-2025","status":"publish","type":"page","link":"https:\/\/ffh.unsa.edu.pe\/artes\/perfil-del-ingresante-musica-2025\/","title":{"rendered":"Perfil del ingresante M\u00fasica 2025"},"content":{"rendered":"<p>El ingresante al programa acad\u00e9mico de artes con especialidad de m\u00fasica cuenta con competencias b\u00e1sicas en las siguientes \u00e1reas:<br \/>\nLENGUAJE MUSICAL<br \/>\n\u25cf Evidencia de conocimientos b\u00e1sicos de la teor\u00eda musical (escalas y armaduras musicales, intervalos)<br \/>\n\u25cf Demuestra habilidades b\u00e1sicas para el desarrollo de la audio perceptivo musical (mel\u00f3dica y r\u00edtmica)<br \/>\n\u25cf Demuestra habilidades b\u00e1sicas para la lectura musical: hablada y entonada.<br \/>\n\u25cf Demuestra conocimientos fundamentales en la historia universal de la m\u00fasica.<br \/>\nINSTRUMENTO PRINCIPAL<br \/>\n\u25cf Ejecuta Repertorio, Estudios y Escalas de nivel b\u00e1sico en su instrumento principal<\/p>\n","protected":false},"excerpt":{"rendered":"<p>El ingresante al programa acad\u00e9mico de artes con especialidad de m\u00fasica cuenta con competencias b\u00e1sicas en las siguientes \u00e1reas: LENGUAJE MUSICAL \u25cf Evidencia de conocimientos b\u00e1sicos de la teor\u00eda musical (escalas y armaduras musicales, intervalos) \u25cf Demuestra habilidades b\u00e1sicas para el desarrollo de la audio perceptivo musical (mel\u00f3dica y r\u00edtmica) \u25cf Demuestra habilidades b\u00e1sicas para [&hellip;]<\/p>\n","protected":false},"author":8,"featured_media":0,"parent":0,"menu_order":0,"comment_status":"closed","ping_status":"closed","template":"","meta":{"_acf_changed":false,"footnotes":""},"class_list":["post-4459","page","type-page","status-publish","hentry"],"acf":[],"_links":{"self":[{"href":"https:\/\/ffh.unsa.edu.pe\/artes\/wp-json\/wp\/v2\/pages\/4459","targetHints":{"allow":["GET"]}}],"collection":[{"href":"https:\/\/ffh.unsa.edu.pe\/artes\/wp-json\/wp\/v2\/pages"}],"about":[{"href":"https:\/\/ffh.unsa.edu.pe\/artes\/wp-json\/wp\/v2\/types\/page"}],"author":[{"embeddable":true,"href":"https:\/\/ffh.unsa.edu.pe\/artes\/wp-json\/wp\/v2\/users\/8"}],"replies":[{"embeddable":true,"href":"https:\/\/ffh.unsa.edu.pe\/artes\/wp-json\/wp\/v2\/comments?post=4459"}],"version-history":[{"count":1,"href":"https:\/\/ffh.unsa.edu.pe\/artes\/wp-json\/wp\/v2\/pages\/4459\/revisions"}],"predecessor-version":[{"id":4460,"href":"https:\/\/ffh.unsa.edu.pe\/artes\/wp-json\/wp\/v2\/pages\/4459\/revisions\/4460"}],"wp:attachment":[{"href":"https:\/\/ffh.unsa.edu.pe\/artes\/wp-json\/wp\/v2\/media?parent=4459"}],"curies":[{"name":"wp","href":"https:\/\/api.w.org\/{rel}","templated":true}]}}