{"id":1063,"date":"2017-07-10T19:15:49","date_gmt":"2017-07-10T19:15:49","guid":{"rendered":"http:\/\/www2.unsa.edu.pe\/escuelas\/filosofia\/?page_id=1063"},"modified":"2019-10-21T19:30:04","modified_gmt":"2019-10-22T00:30:04","slug":"vision-y-mision","status":"publish","type":"page","link":"https:\/\/ffh.unsa.edu.pe\/filosofia\/vision-y-mision\/","title":{"rendered":"Visi\u00f3n y Misi\u00f3n"},"content":{"rendered":"<div class=\"cua-gra\"><img loading=\"lazy\" decoding=\"async\" class=\"hidden-xs alignnone size-medium wp-image-1638\" src=\"https:\/\/ffh.unsa.edu.pe\/filosofia\/wp-content\/uploads\/sites\/3\/2019\/10\/Foto-Fachada-360x203.jpg\" alt=\"\" width=\"360\" height=\"203\" \/><\/p>\n<h4>VISION<\/h4>\n<p>Ser una Escuela forjadora de profesionales nacional e internacional, promotora del pensamiento cr\u00edtico y creativo, generadora del saber filos\u00f3fico basado en el conocimiento permanente de sus disciplinas e involucrada en la reflexi\u00f3n de los problemas sociales.<\/div>\n<div class=\"cua-gri\"><img loading=\"lazy\" decoding=\"async\" class=\"hidden-xs alignnone size-medium wp-image-1175\" src=\"https:\/\/ffh.unsa.edu.pe\/filosofia\/wp-content\/uploads\/sites\/3\/2017\/09\/06-360x203.jpg\" alt=\"\" width=\"360\" height=\"203\" \/><\/p>\n<h4>MISION<\/h4>\n<p>La Escuela Profesional de Filosof\u00eda est\u00e1 dedicada a la formaci\u00f3n integral de acad\u00e9micos y profesionales con fortalezas competitivas en la adquisici\u00f3n y generaci\u00f3n de conocimientos filos\u00f3ficos mediante la capacidad de investigar, producir y difundir el pensamiento de forma cr\u00edtica y reflexiva.<\/div>\n","protected":false},"excerpt":{"rendered":"","protected":false},"author":1,"featured_media":0,"parent":0,"menu_order":0,"comment_status":"closed","ping_status":"closed","template":"","meta":{"_acf_changed":false,"footnotes":""},"class_list":["post-1063","page","type-page","status-publish","hentry"],"acf":[],"_links":{"self":[{"href":"https:\/\/ffh.unsa.edu.pe\/filosofia\/wp-json\/wp\/v2\/pages\/1063","targetHints":{"allow":["GET"]}}],"collection":[{"href":"https:\/\/ffh.unsa.edu.pe\/filosofia\/wp-json\/wp\/v2\/pages"}],"about":[{"href":"https:\/\/ffh.unsa.edu.pe\/filosofia\/wp-json\/wp\/v2\/types\/page"}],"author":[{"embeddable":true,"href":"https:\/\/ffh.unsa.edu.pe\/filosofia\/wp-json\/wp\/v2\/users\/1"}],"replies":[{"embeddable":true,"href":"https:\/\/ffh.unsa.edu.pe\/filosofia\/wp-json\/wp\/v2\/comments?post=1063"}],"version-history":[{"count":3,"href":"https:\/\/ffh.unsa.edu.pe\/filosofia\/wp-json\/wp\/v2\/pages\/1063\/revisions"}],"predecessor-version":[{"id":1639,"href":"https:\/\/ffh.unsa.edu.pe\/filosofia\/wp-json\/wp\/v2\/pages\/1063\/revisions\/1639"}],"wp:attachment":[{"href":"https:\/\/ffh.unsa.edu.pe\/filosofia\/wp-json\/wp\/v2\/media?parent=1063"}],"curies":[{"name":"wp","href":"https:\/\/api.w.org\/{rel}","templated":true}]}}