{"id":1083,"date":"2017-07-10T19:42:15","date_gmt":"2017-07-10T19:42:15","guid":{"rendered":"http:\/\/www2.unsa.edu.pe\/escuelas\/filosofia\/?page_id=1083"},"modified":"2018-07-04T12:11:08","modified_gmt":"2018-07-04T17:11:08","slug":"perfil-del-egresado","status":"publish","type":"page","link":"https:\/\/ffh.unsa.edu.pe\/filosofia\/perfil-del-egresado\/","title":{"rendered":"Perfil del Egresado"},"content":{"rendered":"<p>El egresado de la Escuela Profesional de Filosof\u00eda:<\/p>\n<h4>En lo acad\u00e9mico \u2013 docente<\/h4>\n<ul>\n<li>Demuestra su capacidad reflexiva, as\u00ed como sus actitudes filos\u00f3ficas<\/li>\n<li>Razona correctamente haciendo uso de la l\u00f3gica y sus propios principios<\/li>\n<li>Argumenta coherentemente en el an\u00e1lisis de problemas<\/li>\n<li>Analiza los problemas filos\u00f3ficos a trav\u00e9s de su desarrollo hist\u00f3rico<\/li>\n<li>Reflexiona filos\u00f3ficamente sobre el conocimiento cient\u00edfico y tecnol\u00f3gico<\/li>\n<li>Domina las principales disciplinas filos\u00f3ficas<\/li>\n<li>Domina la comunicaci\u00f3n oral y escrita<\/li>\n<li>Ejecuta procesos de ense\u00f1anza \u2013aprendizaje de la filosof\u00eda en el nivel superior<\/li>\n<\/ul>\n<h4>En investigaci\u00f3n filos\u00f3fica:<\/h4>\n<ul>\n<li>\u00a0Ejecuta proyectos de investigaci\u00f3n filos\u00f3fica<\/li>\n<li>Redacta textos acad\u00e9micos de filosof\u00eda<\/li>\n<\/ul>\n<h4>En gesti\u00f3n educativa y social:<\/h4>\n<ul>\n<li>\u00a0Ejecuta proyectos educativos vinculados con la filosof\u00eda<\/li>\n<li>Ejecuta proyectos de desarrollo social vinculados con la filosof\u00eda<\/li>\n<\/ul>\n","protected":false},"excerpt":{"rendered":"<p>El egresado de la Escuela Profesional de Filosof\u00eda: En lo acad\u00e9mico \u2013 docente Demuestra su capacidad reflexiva, as\u00ed como sus actitudes filos\u00f3ficas Razona correctamente haciendo uso de la l\u00f3gica y sus propios principios Argumenta coherentemente en el an\u00e1lisis de problemas Analiza los problemas filos\u00f3ficos a trav\u00e9s de su desarrollo hist\u00f3rico Reflexiona filos\u00f3ficamente sobre el conocimiento [&hellip;]<\/p>\n","protected":false},"author":1,"featured_media":0,"parent":0,"menu_order":0,"comment_status":"closed","ping_status":"closed","template":"","meta":{"_acf_changed":false,"footnotes":""},"class_list":["post-1083","page","type-page","status-publish","hentry"],"acf":[],"_links":{"self":[{"href":"https:\/\/ffh.unsa.edu.pe\/filosofia\/wp-json\/wp\/v2\/pages\/1083","targetHints":{"allow":["GET"]}}],"collection":[{"href":"https:\/\/ffh.unsa.edu.pe\/filosofia\/wp-json\/wp\/v2\/pages"}],"about":[{"href":"https:\/\/ffh.unsa.edu.pe\/filosofia\/wp-json\/wp\/v2\/types\/page"}],"author":[{"embeddable":true,"href":"https:\/\/ffh.unsa.edu.pe\/filosofia\/wp-json\/wp\/v2\/users\/1"}],"replies":[{"embeddable":true,"href":"https:\/\/ffh.unsa.edu.pe\/filosofia\/wp-json\/wp\/v2\/comments?post=1083"}],"version-history":[{"count":2,"href":"https:\/\/ffh.unsa.edu.pe\/filosofia\/wp-json\/wp\/v2\/pages\/1083\/revisions"}],"predecessor-version":[{"id":1609,"href":"https:\/\/ffh.unsa.edu.pe\/filosofia\/wp-json\/wp\/v2\/pages\/1083\/revisions\/1609"}],"wp:attachment":[{"href":"https:\/\/ffh.unsa.edu.pe\/filosofia\/wp-json\/wp\/v2\/media?parent=1083"}],"curies":[{"name":"wp","href":"https:\/\/api.w.org\/{rel}","templated":true}]}}

<p>El egresado de la Escuela Profesional de Filosofía:</p>
<h4>En lo académico – docente</h4>
<ul>
<li>Demuestra su capacidad reflexiva, así como sus actitudes filosóficas</li>
<li>Razona correctamente haciendo uso de la lógica y sus propios principios</li>
<li>Argumenta coherentemente en el análisis de problemas</li>
<li>Analiza los problemas filosóficos a través de su desarrollo histórico</li>
<li>Reflexiona filosóficamente sobre el conocimiento científico y tecnológico</li>
<li>Domina las principales disciplinas filosóficas</li>
<li>Domina la comunicación oral y escrita</li>
<li>Ejecuta procesos de enseñanza –aprendizaje de la filosofía en el nivel superior</li>
</ul>
<h4>En investigación filosófica:</h4>
<ul>
<li> Ejecuta proyectos de investigación filosófica</li>
<li>Redacta textos académicos de filosofía</li>
</ul>
<h4>En gestión educativa y social:</h4>
<ul>
<li> Ejecuta proyectos educativos vinculados con la filosofía</li>
<li>Ejecuta proyectos de desarrollo social vinculados con la filosofía</li>
</ul>

<p>El egresado de la Escuela Profesional de Filosofía: En lo académico – docente Demuestra su capacidad reflexiva, así como sus actitudes filosóficas Razona correctamente haciendo uso de la lógica y sus propios principios Argumenta coherentemente en el análisis de problemas Analiza los problemas filosóficos a través de su desarrollo histórico Reflexiona filosóficamente sobre el conocimiento [&hellip;]</p>
