{"id":1085,"date":"2017-07-10T19:43:19","date_gmt":"2017-07-10T19:43:19","guid":{"rendered":"http:\/\/www2.unsa.edu.pe\/escuelas\/filosofia\/?page_id=1085"},"modified":"2018-05-02T09:39:34","modified_gmt":"2018-05-02T14:39:34","slug":"campo-ocupacional","status":"publish","type":"page","link":"https:\/\/ffh.unsa.edu.pe\/filosofia\/campo-ocupacional\/","title":{"rendered":"Campo Ocupacional"},"content":{"rendered":"<ul>\n<li>Docente en instituciones de ense\u00f1anza media y superior.<\/li>\n<li>Investigador y escritor en filosof\u00eda.<\/li>\n<li>Asesor en proyectos educativos y desarrollo.<\/li>\n<li>Capacitador en instituciones y organizaciones p\u00fablicas o privadas.<\/li>\n<li>Asesor en la planificaci\u00f3n y desarrollo de proyectos de investigaci\u00f3n de equipos interdisciplinarios tanto a organismos p\u00fablicos como privados.<\/li>\n<li>Asesor en la planificaci\u00f3n y desarrollo de diversos programas que pretendan promover la cultura en centros de difusi\u00f3n cultural.<\/li>\n<\/ul>\n","protected":false},"excerpt":{"rendered":"<p>Docente en instituciones de ense\u00f1anza media y superior. Investigador y escritor en filosof\u00eda. Asesor en proyectos educativos y desarrollo. Capacitador en instituciones y organizaciones p\u00fablicas o privadas. Asesor en la planificaci\u00f3n y desarrollo de proyectos de investigaci\u00f3n de equipos interdisciplinarios tanto a organismos p\u00fablicos como privados. Asesor en la planificaci\u00f3n y desarrollo de diversos programas [&hellip;]<\/p>\n","protected":false},"author":1,"featured_media":1177,"parent":0,"menu_order":0,"comment_status":"closed","ping_status":"closed","template":"","meta":{"_acf_changed":false,"footnotes":""},"class_list":["post-1085","page","type-page","status-publish","has-post-thumbnail","hentry"],"acf":[],"_links":{"self":[{"href":"https:\/\/ffh.unsa.edu.pe\/filosofia\/wp-json\/wp\/v2\/pages\/1085","targetHints":{"allow":["GET"]}}],"collection":[{"href":"https:\/\/ffh.unsa.edu.pe\/filosofia\/wp-json\/wp\/v2\/pages"}],"about":[{"href":"https:\/\/ffh.unsa.edu.pe\/filosofia\/wp-json\/wp\/v2\/types\/page"}],"author":[{"embeddable":true,"href":"https:\/\/ffh.unsa.edu.pe\/filosofia\/wp-json\/wp\/v2\/users\/1"}],"replies":[{"embeddable":true,"href":"https:\/\/ffh.unsa.edu.pe\/filosofia\/wp-json\/wp\/v2\/comments?post=1085"}],"version-history":[{"count":1,"href":"https:\/\/ffh.unsa.edu.pe\/filosofia\/wp-json\/wp\/v2\/pages\/1085\/revisions"}],"predecessor-version":[{"id":1283,"href":"https:\/\/ffh.unsa.edu.pe\/filosofia\/wp-json\/wp\/v2\/pages\/1085\/revisions\/1283"}],"wp:featuredmedia":[{"embeddable":true,"href":"https:\/\/ffh.unsa.edu.pe\/filosofia\/wp-json\/wp\/v2\/media\/1177"}],"wp:attachment":[{"href":"https:\/\/ffh.unsa.edu.pe\/filosofia\/wp-json\/wp\/v2\/media?parent=1085"}],"curies":[{"name":"wp","href":"https:\/\/api.w.org\/{rel}","templated":true}]}}

<ul>
<li>Docente en instituciones de enseñanza media y superior.</li>
<li>Investigador y escritor en filosofía.</li>
<li>Asesor en proyectos educativos y desarrollo.</li>
<li>Capacitador en instituciones y organizaciones públicas o privadas.</li>
<li>Asesor en la planificación y desarrollo de proyectos de investigación de equipos interdisciplinarios tanto a organismos públicos como privados.</li>
<li>Asesor en la planificación y desarrollo de diversos programas que pretendan promover la cultura en centros de difusión cultural.</li>
</ul>

<p>Docente en instituciones de enseñanza media y superior. Investigador y escritor en filosofía. Asesor en proyectos educativos y desarrollo. Capacitador en instituciones y organizaciones públicas o privadas. Asesor en la planificación y desarrollo de proyectos de investigación de equipos interdisciplinarios tanto a organismos públicos como privados. Asesor en la planificación y desarrollo de diversos programas [&hellip;]</p>
