{"id":1696,"date":"2021-07-30T22:19:28","date_gmt":"2021-07-31T03:19:28","guid":{"rendered":"https:\/\/ffh.unsa.edu.pe\/filosofia\/?page_id=1696"},"modified":"2021-07-30T22:19:28","modified_gmt":"2021-07-31T03:19:28","slug":"objetivos-educacionales","status":"publish","type":"page","link":"https:\/\/ffh.unsa.edu.pe\/filosofia\/objetivos-educacionales\/","title":{"rendered":"OBJETIVOS EDUCACIONALES"},"content":{"rendered":"<p>Aprobados con Resoluci\u00f3n Decanal N\u00b0 UNSA 089-2020-FFH<\/p>\n<ul>\n<li>Demostrar su capacidad reflexiva, as\u00ed como sus actitudes filos\u00f3ficas.<\/li>\n<li>Razonar correctamente, haciendo uso de la l\u00f3gica y sus principios.<\/li>\n<li>Argumentar coherentemente en el an\u00e1lisis de problemas.<\/li>\n<li>Analizar los problemas filos\u00f3ficos a trav\u00e9s de su desarrollo hist\u00f3rico.<\/li>\n<li>Reflexionar filos\u00f3ficamente sobre el conocimiento cient\u00edfico y tecnol\u00f3gico.<\/li>\n<li>Dominar las principales disciplinas filos\u00f3ficas.<\/li>\n<li>Dominar la comunicaci\u00f3n oral y escrita.<\/li>\n<\/ul>\n","protected":false},"excerpt":{"rendered":"<p>Aprobados con Resoluci\u00f3n Decanal N\u00b0 UNSA 089-2020-FFH Demostrar su capacidad reflexiva, as\u00ed como sus actitudes filos\u00f3ficas. Razonar correctamente, haciendo uso de la l\u00f3gica y sus principios. Argumentar coherentemente en el an\u00e1lisis de problemas. Analizar los problemas filos\u00f3ficos a trav\u00e9s de su desarrollo hist\u00f3rico. Reflexionar filos\u00f3ficamente sobre el conocimiento cient\u00edfico y tecnol\u00f3gico. Dominar las principales disciplinas [&hellip;]<\/p>\n","protected":false},"author":1,"featured_media":1638,"parent":0,"menu_order":0,"comment_status":"closed","ping_status":"closed","template":"","meta":{"_acf_changed":false,"footnotes":""},"class_list":["post-1696","page","type-page","status-publish","has-post-thumbnail","hentry"],"acf":[],"_links":{"self":[{"href":"https:\/\/ffh.unsa.edu.pe\/filosofia\/wp-json\/wp\/v2\/pages\/1696","targetHints":{"allow":["GET"]}}],"collection":[{"href":"https:\/\/ffh.unsa.edu.pe\/filosofia\/wp-json\/wp\/v2\/pages"}],"about":[{"href":"https:\/\/ffh.unsa.edu.pe\/filosofia\/wp-json\/wp\/v2\/types\/page"}],"author":[{"embeddable":true,"href":"https:\/\/ffh.unsa.edu.pe\/filosofia\/wp-json\/wp\/v2\/users\/1"}],"replies":[{"embeddable":true,"href":"https:\/\/ffh.unsa.edu.pe\/filosofia\/wp-json\/wp\/v2\/comments?post=1696"}],"version-history":[{"count":1,"href":"https:\/\/ffh.unsa.edu.pe\/filosofia\/wp-json\/wp\/v2\/pages\/1696\/revisions"}],"predecessor-version":[{"id":1697,"href":"https:\/\/ffh.unsa.edu.pe\/filosofia\/wp-json\/wp\/v2\/pages\/1696\/revisions\/1697"}],"wp:featuredmedia":[{"embeddable":true,"href":"https:\/\/ffh.unsa.edu.pe\/filosofia\/wp-json\/wp\/v2\/media\/1638"}],"wp:attachment":[{"href":"https:\/\/ffh.unsa.edu.pe\/filosofia\/wp-json\/wp\/v2\/media?parent=1696"}],"curies":[{"name":"wp","href":"https:\/\/api.w.org\/{rel}","templated":true}]}}

<p>Aprobados con Resolución Decanal N° UNSA 089-2020-FFH</p>
<ul>
<li>Demostrar su capacidad reflexiva, así como sus actitudes filosóficas.</li>
<li>Razonar correctamente, haciendo uso de la lógica y sus principios.</li>
<li>Argumentar coherentemente en el análisis de problemas.</li>
<li>Analizar los problemas filosóficos a través de su desarrollo histórico.</li>
<li>Reflexionar filosóficamente sobre el conocimiento científico y tecnológico.</li>
<li>Dominar las principales disciplinas filosóficas.</li>
<li>Dominar la comunicación oral y escrita.</li>
</ul>

<p>Aprobados con Resolución Decanal N° UNSA 089-2020-FFH Demostrar su capacidad reflexiva, así como sus actitudes filosóficas. Razonar correctamente, haciendo uso de la lógica y sus principios. Argumentar coherentemente en el análisis de problemas. Analizar los problemas filosóficos a través de su desarrollo histórico. Reflexionar filosóficamente sobre el conocimiento científico y tecnológico. Dominar las principales disciplinas [&hellip;]</p>
