{"id":1180,"date":"2017-08-09T17:36:49","date_gmt":"2017-08-09T17:36:49","guid":{"rendered":"http:\/\/www2.unsa.edu.pe\/escuelas\/litlinguistica\/?page_id=1177"},"modified":"2020-09-15T22:54:19","modified_gmt":"2020-09-16T03:54:19","slug":"presentacion","status":"publish","type":"page","link":"https:\/\/ffh.unsa.edu.pe\/literatura\/presentacion\/","title":{"rendered":"Presentaci\u00f3n de la Escuela"},"content":{"rendered":"<p>Surgida en el momento de la fundaci\u00f3n de nuestra Universidad, la Escuela asumi\u00f3 la formaci\u00f3n acad\u00e9mica en Letras de los ciudadanos arequipe\u00f1os destinados a una educaci\u00f3n superior. A lo largo de los a\u00f1os su perfil ha ido cambiando, pero siempre asumi\u00f3 un compromiso human\u00edstico con los valores sociales de justicia, belleza, igualdad y transformaci\u00f3n hacia mejores formas simb\u00f3licas comunicativas y literarias.<\/p>\n<p>Hoy, gracias a la nueva Ley Universitaria 30320, al nuevo Estatuto y al Modelo Educativo de la UNSA, nos preparamos para modernizar nuestros procesos de ense\u00f1anza y aprendizaje, de investigaci\u00f3n y de proyecci\u00f3n social, en funci\u00f3n de nuevas concepciones del rol de la universidad dentro de la sociedad, m\u00e1s y mejor vinculados con las necesidades materiales y espirituales de desarrollo y de resistencia que el crecimiento y la globalizaci\u00f3n nos han tra\u00eddo.<\/p>\n<p>A partir de 2017 nuestra Escuela empez\u00f3 a implementar un nuevo curr\u00edculo que ha sido elaborado por una comisi\u00f3n especialmente nombrada. Los cambios son sustanciales. Sobre la base de un diagn\u00f3stico hecho a la Escuela, con el asesoramiento del Vicerrectorado Acad\u00e9mico, de asesores extranjeros especialmente dedicados y con las consultas permanentes a nuestros profesores, estudiantes e interesados, hemos cambiado el perfil de nuestros egresados, mejorados los procesos de ense\u00f1anza y aprendizaje, dise\u00f1ado un nuevo plan de estudios que ahora estar\u00e1 dirigido a formas especialistas en ling\u00fc\u00edstica o en literatura, en dos m\u00f3dulos: Tecnolog\u00edas del Lenguaje y Hermen\u00e9uticas de la Literatura o de la Ling\u00fc\u00edstica.<\/p>\n<p>La novedad fundamental del cambio reside, en la forma, en el paso del modelo de educaci\u00f3n por objetivos al modelo de formaci\u00f3n por competencias; y en el contenido, en el cambio de la formaci\u00f3n por especializaci\u00f3n que d\u00e1bamos a una formaci\u00f3n integral en Letras, con opciones para la especializaci\u00f3n en Ling\u00fc\u00edstica o en Literatura.<\/p>\n<p>La Escuela otorgar\u00e1 entonces certificaci\u00f3n por m\u00f3dulos, el grado de bachiller el Letras, con menci\u00f3n en Literatura o menci\u00f3n en Ling\u00fc\u00edstica, a elecci\u00f3n del estudiante. Luego el t\u00edtulo profesional respectivo, y m\u00e1s tarde las maestr\u00edas y doctorados en especializaci\u00f3n o en investigaci\u00f3n que se creen a partir de la demanda de los egresados y los requerimientos de nuestra regi\u00f3n.<\/p>\n<p>Abordamos con optimismo los desaf\u00edos del nuevo modelo y confiamos en la fortaleza, la voluntad y la sabidur\u00eda de los docentes y los estudiantes de nuestra escuela para cumplir con los altos fines que nos estamos proponiendo.<\/p>\n","protected":false},"excerpt":{"rendered":"<p>Surgida en el momento de la fundaci\u00f3n de nuestra Universidad, la Escuela asumi\u00f3 la formaci\u00f3n acad\u00e9mica en Letras de los ciudadanos arequipe\u00f1os destinados a una educaci\u00f3n superior. A lo largo de los a\u00f1os su perfil ha ido cambiando, pero siempre asumi\u00f3 un compromiso human\u00edstico con los valores sociales de justicia, belleza, igualdad y transformaci\u00f3n hacia [&hellip;]<\/p>\n","protected":false},"author":1,"featured_media":1547,"parent":0,"menu_order":0,"comment_status":"closed","ping_status":"closed","template":"","meta":{"_acf_changed":false,"footnotes":""},"class_list":["post-1180","page","type-page","status-publish","has-post-thumbnail","hentry"],"acf":[],"_links":{"self":[{"href":"https:\/\/ffh.unsa.edu.pe\/literatura\/wp-json\/wp\/v2\/pages\/1180","targetHints":{"allow":["GET"]}}],"collection":[{"href":"https:\/\/ffh.unsa.edu.pe\/literatura\/wp-json\/wp\/v2\/pages"}],"about":[{"href":"https:\/\/ffh.unsa.edu.pe\/literatura\/wp-json\/wp\/v2\/types\/page"}],"author":[{"embeddable":true,"href":"https:\/\/ffh.unsa.edu.pe\/literatura\/wp-json\/wp\/v2\/users\/1"}],"replies":[{"embeddable":true,"href":"https:\/\/ffh.unsa.edu.pe\/literatura\/wp-json\/wp\/v2\/comments?post=1180"}],"version-history":[{"count":8,"href":"https:\/\/ffh.unsa.edu.pe\/literatura\/wp-json\/wp\/v2\/pages\/1180\/revisions"}],"predecessor-version":[{"id":1549,"href":"https:\/\/ffh.unsa.edu.pe\/literatura\/wp-json\/wp\/v2\/pages\/1180\/revisions\/1549"}],"wp:featuredmedia":[{"embeddable":true,"href":"https:\/\/ffh.unsa.edu.pe\/literatura\/wp-json\/wp\/v2\/media\/1547"}],"wp:attachment":[{"href":"https:\/\/ffh.unsa.edu.pe\/literatura\/wp-json\/wp\/v2\/media?parent=1180"}],"curies":[{"name":"wp","href":"https:\/\/api.w.org\/{rel}","templated":true}]}}