{"id":1896,"date":"2021-10-27T20:38:57","date_gmt":"2021-10-28T01:38:57","guid":{"rendered":"https:\/\/ffh.unsa.edu.pe\/literatura\/?page_id=1896"},"modified":"2021-10-27T20:39:50","modified_gmt":"2021-10-28T01:39:50","slug":"potencializando-la-competencia-lectora-y-estrategias-de-redaccion-en-el-area-de-comunicacion-nivel-secundario","status":"publish","type":"page","link":"https:\/\/ffh.unsa.edu.pe\/literatura\/potencializando-la-competencia-lectora-y-estrategias-de-redaccion-en-el-area-de-comunicacion-nivel-secundario\/","title":{"rendered":"Potencializando la competencia lectora y estrategias de redacci\u00f3n en el \u00e1rea de comunicaci\u00f3n nivel secundario"},"content":{"rendered":"<p><img loading=\"lazy\" decoding=\"async\" class=\"alignnone size-full wp-image-1901\" src=\"https:\/\/ffh.unsa.edu.pe\/literatura\/wp-content\/uploads\/sites\/4\/2021\/10\/Flyer_-Proyecto-de-Responsabilidad-Social.jpg\" alt=\"\" width=\"1200\" height=\"1200\" srcset=\"https:\/\/ffh.unsa.edu.pe\/literatura\/wp-content\/uploads\/sites\/4\/2021\/10\/Flyer_-Proyecto-de-Responsabilidad-Social.jpg 1200w, https:\/\/ffh.unsa.edu.pe\/literatura\/wp-content\/uploads\/sites\/4\/2021\/10\/Flyer_-Proyecto-de-Responsabilidad-Social-768x768.jpg 768w\" sizes=\"auto, (max-width: 1200px) 100vw, 1200px\" \/><\/p>\n","protected":false},"excerpt":{"rendered":"","protected":false},"author":7,"featured_media":0,"parent":0,"menu_order":0,"comment_status":"closed","ping_status":"closed","template":"","meta":{"_acf_changed":false,"footnotes":""},"class_list":["post-1896","page","type-page","status-publish","hentry"],"acf":[],"_links":{"self":[{"href":"https:\/\/ffh.unsa.edu.pe\/literatura\/wp-json\/wp\/v2\/pages\/1896","targetHints":{"allow":["GET"]}}],"collection":[{"href":"https:\/\/ffh.unsa.edu.pe\/literatura\/wp-json\/wp\/v2\/pages"}],"about":[{"href":"https:\/\/ffh.unsa.edu.pe\/literatura\/wp-json\/wp\/v2\/types\/page"}],"author":[{"embeddable":true,"href":"https:\/\/ffh.unsa.edu.pe\/literatura\/wp-json\/wp\/v2\/users\/7"}],"replies":[{"embeddable":true,"href":"https:\/\/ffh.unsa.edu.pe\/literatura\/wp-json\/wp\/v2\/comments?post=1896"}],"version-history":[{"count":3,"href":"https:\/\/ffh.unsa.edu.pe\/literatura\/wp-json\/wp\/v2\/pages\/1896\/revisions"}],"predecessor-version":[{"id":1903,"href":"https:\/\/ffh.unsa.edu.pe\/literatura\/wp-json\/wp\/v2\/pages\/1896\/revisions\/1903"}],"wp:attachment":[{"href":"https:\/\/ffh.unsa.edu.pe\/literatura\/wp-json\/wp\/v2\/media?parent=1896"}],"curies":[{"name":"wp","href":"https:\/\/api.w.org\/{rel}","templated":true}]}}