{"id":2927,"date":"2026-04-17T14:38:09","date_gmt":"2026-04-17T19:38:09","guid":{"rendered":"https:\/\/ffh.unsa.edu.pe\/literatura\/?page_id=2927"},"modified":"2026-04-17T14:45:51","modified_gmt":"2026-04-17T19:45:51","slug":"perfil-del-egresado-plan-de-estudios-2025","status":"publish","type":"page","link":"https:\/\/ffh.unsa.edu.pe\/literatura\/perfil-del-egresado-plan-de-estudios-2025\/","title":{"rendered":"Perfil del Egresado Plan de estudios 2025"},"content":{"rendered":"<p>El egresado se caracteriza por poseer una s\u00f3lida formaci\u00f3n cient\u00edfica en Literatura y Ling\u00fc\u00edstica y ser\u00e1 capaz de:<\/p>\n<ul>\n<li>Describir, explicar e interpretar fen\u00f3menos literarios y ling\u00fc\u00edsticos regionales, nacionales y globales con sentido \u00e9tico y valores democr\u00e1ticos y ejercitando el pensamiento cr\u00edtico y complejo.<\/li>\n<li>Desarrollar investigaci\u00f3n literaria y ling\u00fc\u00edstica, te\u00f3rica y aplicada, inter, intra y transdisciplinar desde un enfoque cuantitativo y cualitativo con creatividad e innovaci\u00f3n.<\/li>\n<li>Gestionar procesos de ense\u00f1anza-aprendizaje en asignaturas derivadas de Literatura y Ling\u00fc\u00edstica en la educaci\u00f3n superior.<\/li>\n<li>Producir textos literarios y ling\u00fc\u00edsticos cient\u00edficos, ficcionales y no ficcionales con solvencia acad\u00e9mica y est\u00e9tica con humanismo, identidad y ciudadan\u00eda<\/li>\n<li>Asesorar en la elaboraci\u00f3n y evaluaci\u00f3n de programas y materiales para la ense\u00f1anza y aprendizaje de lenguas.<\/li>\n<li>Gestionar proyectos culturales y empresariales con liderazgo y trabajo en equipo en la industria editorial lecto- escritora y la traducci\u00f3n e interpretaci\u00f3n de textos acad\u00e9micos.<\/li>\n<li>Alfabetizar y ense\u00f1ar lenguas nativas y extranjeras.<\/li>\n<\/ul>\n<p>&nbsp;<\/p>\n","protected":false},"excerpt":{"rendered":"<p>El egresado se caracteriza por poseer una s\u00f3lida formaci\u00f3n cient\u00edfica en Literatura y Ling\u00fc\u00edstica y ser\u00e1 capaz de: Describir, explicar e interpretar fen\u00f3menos literarios y ling\u00fc\u00edsticos regionales, nacionales y globales con sentido \u00e9tico y valores democr\u00e1ticos y ejercitando el pensamiento cr\u00edtico y complejo. Desarrollar investigaci\u00f3n literaria y ling\u00fc\u00edstica, te\u00f3rica y aplicada, inter, intra y transdisciplinar [&hellip;]<\/p>\n","protected":false},"author":13,"featured_media":0,"parent":0,"menu_order":0,"comment_status":"closed","ping_status":"closed","template":"","meta":{"_acf_changed":false,"footnotes":""},"class_list":["post-2927","page","type-page","status-publish","hentry"],"acf":[],"_links":{"self":[{"href":"https:\/\/ffh.unsa.edu.pe\/literatura\/wp-json\/wp\/v2\/pages\/2927","targetHints":{"allow":["GET"]}}],"collection":[{"href":"https:\/\/ffh.unsa.edu.pe\/literatura\/wp-json\/wp\/v2\/pages"}],"about":[{"href":"https:\/\/ffh.unsa.edu.pe\/literatura\/wp-json\/wp\/v2\/types\/page"}],"author":[{"embeddable":true,"href":"https:\/\/ffh.unsa.edu.pe\/literatura\/wp-json\/wp\/v2\/users\/13"}],"replies":[{"embeddable":true,"href":"https:\/\/ffh.unsa.edu.pe\/literatura\/wp-json\/wp\/v2\/comments?post=2927"}],"version-history":[{"count":2,"href":"https:\/\/ffh.unsa.edu.pe\/literatura\/wp-json\/wp\/v2\/pages\/2927\/revisions"}],"predecessor-version":[{"id":2942,"href":"https:\/\/ffh.unsa.edu.pe\/literatura\/wp-json\/wp\/v2\/pages\/2927\/revisions\/2942"}],"wp:attachment":[{"href":"https:\/\/ffh.unsa.edu.pe\/literatura\/wp-json\/wp\/v2\/media?parent=2927"}],"curies":[{"name":"wp","href":"https:\/\/api.w.org\/{rel}","templated":true}]}}